9. Calculate the remainder when ((-76)/(-3))/((-1)/(-3)) is divided by g.
10
What is the remainder when ((-7455)/(-35))/((-3)/2)*-2 is divided by 32?
28
Let z(d) = d**3 + d**2 - d + 2. Let q be z(-2). Let f = -567182 - -567281. Calculate the remainder when f is divided by (1 + q/(-2))*6.
3
Let y(o) = -o**2 + 5*o + 25. Let g be (-63)/(-5) + (-60)/100. Suppose 11 = 2*p + p + 4*q, g = -3*q. What is the remainder when y(0) is divided by p?
7
Let i = -168 - -80. Let p = -21 - i. Suppose 0 = v - 4*d - p, -3*v + 2*d + 153 = 6*d. Calculate the remainder when v is divided by 7.
6
Let x = 7 - 5. Let s be 40/(-8) - (x + -3)*3. Calculate the remainder when 118 is divided by (s - 18/(-15))/((-20)/750).
28
Let t(u) = 34*u - 7. Let c be t(3). Suppose 0 = -11*m + c + 26. What is the remainder when 53 is divided by m?
9
Suppose 3*y + 184 - 865 = 0. Suppose -97*u + 464*u = 9286 - 1579. What is the remainder when y is divided by u?
17
Let h(u) = -u**2 - 9*u - 12. Suppose 2*w + 8 = 5*n, 4*n - 71*w - 11 = -74*w. What is the remainder when n is divided by h(-7)?
0
Suppose -o - 722 + 199 = 0. Let y = 531 + o. Calculate the remainder when (-324)/(-10) - (-2)/(-5) is divided by y.
0
Suppose -2*o - 22 + 16 = 0. Let w = 35 + o. Let p = w + -23. Calculate the remainder when p is divided by 3.
0
Suppose -37*y = -32*y + t - 581, -4*t = -3*y + 367. Calculate the remainder when 710 is divided by y.
8
Let t(s) = -2*s**2 + 83*s - 770. Calculate the remainder when t(25) is divided by 4.
3
Let q = -63 + 122. Let r = 114332 + -114301. Calculate the remainder when q is divided by r.
28
Suppose -118*f + 7429 + 8412 = -679. What is the remainder when f is divided by 23?
2
Suppose 1040 = -4*q + 8*q. Suppose -k + q = k. Let c(i) = i**3 + 82*i**2 - 1159*i + 416. What is the remainder when k is divided by c(12)?
42
Let u(o) = 2*o**2 + 8*o + 1. Suppose 37*h - 180 = 40*h. Let v = 54 + h. Calculate the remainder when u(v) is divided by 13.
12
Let g(q) = 3*q**2 - 9*q + 3. Suppose 4*v + 44 = 2*x, -2*x + 24*v - 23*v + 35 = 0. Calculate the remainder when g(6) is divided by x.
9
Let b(x) = x**3 + 7*x**2 + 11*x - 52. Calculate the remainder when b(6) is divided by 73.
44
Suppose -3*n - 3*n = -114. Let v = -9 + n. Calculate the remainder when 115/2 + 8*(-5)/(-80) is divided by v.
8
Suppose -18*u + 20 = -13*u. Suppose -r - u*r + 51 = 4*t, 3*t = 4*r - 16. What is the remainder when r/(-35) + (366/5 - -1) is divided by 26?
22
Suppose 17 = 4*w + 5, 2*w = 5*o - 339. Calculate the remainder when 2272 is divided by o.
64
Calculate the remainder when (-4)/6 + 3 + 1114/6 is divided by 90.
8
Let r = -799 + 799. Suppose 4*a = i - 0*i + 32, r = 4*i. Let f(z) = -30*z - 3. Calculate the remainder when f(-4) is divided by a.
5
Let l = -13720 + 13732. What is the remainder when 2430 is divided by l?
6
Let d be (1 - 6/3) + 1. Suppose 3*l - 2*l - 10 = d. Calculate the remainder when -1*(-4704)/102 + 2/(-17) is divided by l.
6
Let z = 175 - 40. Suppose 2*q = -4*u + z + 111, 0 = -3*q + 4*u + 359. What is the remainder when q is divided by (1/(-5))/(-1) - (-2604)/105?
21
Suppose -47*t - 80166 = -82*t - 58*t. Calculate the remainder when t is divided by 18.
16
Let s = 404 - 239. Let r(t) = t**3 - 28*t**2 - t - 99. Let m be r(28). Let q = s + m. What is the remainder when 149 is divided by q?
35
Let p be (10*3)/(12/42). Let n = 161 - p. Let g = n - 38. Calculate the remainder when 43 is divided by g.
7
Let d(k) = 3*k**2 + 5*k + 18. Let j be d(-9). Suppose 0 = 93*b - 97*b + j. Suppose 2*z = 4*f + b, f + 5 - 4 = 0. What is the remainder when 36 is divided by z?
11
Let u(i) be the third derivative of 0 + 0*i + 1/6*i**5 + 1/2*i**4 + 33*i**2 - 1/6*i**3. Calculate the remainder when u(-5) is divided by 38.
37
Let o = -133 - -133. Suppose 0 = -o*w - 2*w + 64. Suppose -w = -2*z - 2*z. Calculate the remainder when z is divided by 4.
0
Suppose 6*s - 3*h = 7*s - 179, 656 = 4*s - 3*h. Suppose -z = 3*a - 69, -3*z + 2*a + s + 51 = 0. Calculate the remainder when 209 is divided by z.
65
Suppose 0 = 5*y + 5, -2*n = -107*y + 106*y - 329. Calculate the remainder when n is divided by 40.
4
Suppose 91*t + 178*t = 74244. Calculate the remainder when 1115 is divided by t.
11
Let r be 2*(3 - 197)*(-4)/16. Suppose 0 = -108*g + r*g + 308. Calculate the remainder when g is divided by 18.
10
Suppose 183*n - 185*n = -24. Suppose -n*m - 82 = -14*m. What is the remainder when 122 is divided by m?
40
Suppose -4*l + 3*n = -37, 4*l - 5*n + 10*n - 77 = 0. Calculate the remainder when (5 - 2) + -13 + 70 is divided by l.
8
Suppose 6*z - 6342 = 12*z. What is the remainder when z/(-35) + 3/(-15) is divided by 19?
11
Suppose 327 = 24*c - 177. Calculate the remainder when 64 is divided by (744/(-7))/(-6) + 6/c.
10
Let a be (-2271)/(-18) + (-4)/24 - 1. Let y = a - 71. Calculate the remainder when y is divided by (57/6)/((-2)/(-4)).
16
Let b = -40 - -57. Suppose 2*k = -u - 362, 4*k + 904 = -k - 2*u. Let n = -169 - k. What is the remainder when b is divided by n?
6
Let j = 140 - 84. Suppose 4*l + 5*a - 66 = 0, -4*l - 6*a + 4*a + 60 = 0. Suppose 0 = l*h - 311 + 45. Calculate the remainder when j is divided by h.
18
Suppose 3*u = 7*u - 8. Suppose -3*t + u*t + 9 = 3*q, -5*q = t - 17. Calculate the remainder when 59 is divided by (-12)/t + 40/5.
11
Let g(k) = -2*k**3 + 2*k**2 + 30*k - 11. Calculate the remainder when (1 - -2)/(9*(-6)/(-2412)) is divided by g(-4).
18
Suppose -7*g + 210 = -g. Let k be (-18)/(-135) + 86/30. Suppose 2*m - f = 273, -451 = -k*m - 2*f - 24. Calculate the remainder when m is divided by g.
34
Let k = -14 - -32. Let m = -93624 - -93694. Calculate the remainder when m is divided by k.
16
Suppose t + q - 455 = 1345, -q = -3*t + 5388. Calculate the remainder when t is divided by 351.
42
Suppose 5*y = 4*x - 935, -4*y = -5*x + y + 1170. Calculate the remainder when x is divided by 180.
55
Calculate the remainder when (-2)/3*((-1512)/(-144))/((-3)/1233) is divided by 30.
27
Suppose -5*v - 5*x - 845 + 215 = 0, 595 = -5*v + 2*x. Let c = -96 - v. What is the remainder when 246 is divided by c?
21
Suppose 132044 = 16*w + 7*w + 21*w. What is the remainder when w is divided by 158?
157
Let h(k) = 279*k + 9. Let p be h(7). Suppose 0 = -18*q + p + 36. What is the remainder when q is divided by 13?
7
Let n(o) = -35*o**3 + 4*o**2 + 4*o. Suppose -6 = -34*w + 40*w. Calculate the remainder when 277 is divided by n(w).
32
Suppose 1415 = 8*d - 193. Calculate the remainder when 212 is divided by d.
11
Let b(g) = -22*g - 3. Let s be b(-2). Let f = s + 0. What is the remainder when f is divided by -1 + 2 + 23 + -2?
19
Suppose 164 = 8*j - 268. Let w = 169 + -71. Let l = w - j. Calculate the remainder when 127 is divided by l.
39
Let s(p) = -48*p + 3. Let t(g) = 148*g + 4057. What is the remainder when s(-5) is divided by t(-27)?
60
Calculate the remainder when (11 - 10)/(-1 - 243/(-242)) is divided by ((-15)/10)/(-6 + (-5355)/(-896)).
50
Let v(p) = -p**2 + p + 38. Let x be v(-6). Let k(q) = q**2 + 4*q + 8. What is the remainder when (4*1)/((-2)/(-18)) is divided by k(x)?
4
Suppose -2*x = -v - 2, -3*v - 4*x = -8 - 6. What is the remainder when 188 is divided by v - -3*(-14)/(-6)?
8
Suppose -3 = -213*i + 214*i, -2*y = -5*i - 965. Calculate the remainder when y is divided by 97.
87
Suppose v + v - 22 = 0. Let y(f) = 5*f + 0*f - 13*f**3 - f**2 - 7*f**2 + v*f**3 - 1. What is the remainder when y(-6) is divided by 23?
21
Let d = -10860 + 11937. What is the remainder when d is divided by 60?
57
Let y(r) = -r**2 + 10*r - 12. Suppose 0*w - w - 16 = a, 3*a - 30 = 3*w. Let q = w - -21. What is the remainder when 58 is divided by y(q)?
2
Let n(d) = 2*d + 5. Let v = 62 + -98. Let u be (v/(-15)*60/(-8))/(-2). What is the remainder when n(u) is divided by 6?
5
Let a be (-3)/12 + (-1)/(-4). Suppose 18*l - 42 = -6. Suppose -l*n + v = n - 106, a = 3*n + 5*v - 118. What is the remainder when 105 is divided by n?
33
Calculate the remainder when ((-838)/6*6/(-5))/((-64)/(-160)) is divided by 197.
25
Suppose 3*q - 200 = -2*q. Suppose -q = -z - 30. Calculate the remainder when 68 is divided by z.
8
Let q = -6 - -168. Suppose 0 = -7*y + 20 + q. Calculate the remainder when y is divided by 7.
5
Calculate the remainder when 3364 is divided by (16625/(-750) + 1/(-3))*-6.
124
Let h(i) = 